{"id":2,"date":"2018-04-26T10:10:17","date_gmt":"2018-04-26T10:10:17","guid":{"rendered":"https:\/\/www.ntnu.no\/blogger\/link\/?page_id=2"},"modified":"2018-11-30T14:01:54","modified_gmt":"2018-11-30T13:01:54","slug":"sample-page","status":"publish","type":"page","link":"https:\/\/www.ntnu.no\/blogger\/link\/","title":{"rendered":"Om NTNU Link"},"content":{"rendered":"<p><img loading=\"lazy\" decoding=\"async\" class=\"alignright size-thumbnail wp-image-9\" src=\"https:\/\/www.ntnu.no\/blogger\/link\/wp-content\/uploads\/sites\/57\/2018\/04\/logo_kvadratisk_transparent-150x150.png\" alt=\"NTNU Link\" width=\"150\" height=\"150\" srcset=\"https:\/\/www.ntnu.no\/blogger\/link\/wp-content\/uploads\/sites\/57\/2018\/04\/logo_kvadratisk_transparent-150x150.png 150w, https:\/\/www.ntnu.no\/blogger\/link\/wp-content\/uploads\/sites\/57\/2018\/04\/logo_kvadratisk_transparent-300x300.png 300w, https:\/\/www.ntnu.no\/blogger\/link\/wp-content\/uploads\/sites\/57\/2018\/04\/logo_kvadratisk_transparent.png 512w\" sizes=\"auto, (max-width: 150px) 100vw, 150px\" \/>NTNU Link er et nytt studiel\u00f8p ved profesjonsstudiet i medisin. Undervisningen foreg\u00e5r p\u00e5 sykehuset og i kommunehelsetjenesten i Levanger og Namsos, samt p\u00e5 Campus R\u00f8stad (Nord universitet), Campus \u00d8ya (NTNU) og St. Olavs hospital. Med oppstart 20. august 2018 er NTNU Link en mulighet for studenter fra og med tredje studie\u00e5r og for inntil 16 studenter per \u00e5r.<\/p>\n<blockquote><p>Link st\u00e5r for \u00ablangsg\u00e5ende integrert klinisk tjeneste\u00bb og representerer en innovativ og kunnskapbasert utdanningsstruktur. I stedet for at studentene m\u00f8ter pasienter og undervisere i kortvarige fagspesifikke blokker, m\u00f8ter de pasienter, undervisere og fag langsg\u00e5ende integrert over lengre tid. Strukturen gj\u00f8r at studentene kan ta del i pasientenes utvikling over tid, og underviserne kan ta del i studentenes utvikling over tid.<\/p><\/blockquote>\n<figure id=\"attachment_19\" aria-describedby=\"caption-attachment-19\" style=\"width: 333px\" class=\"wp-caption aligncenter\"><img loading=\"lazy\" decoding=\"async\" class=\"size-full wp-image-19\" src=\"https:\/\/www.ntnu.no\/blogger\/link\/wp-content\/uploads\/sites\/57\/2018\/04\/Utvalg_102.png\" alt=\"\" width=\"333\" height=\"155\" srcset=\"https:\/\/www.ntnu.no\/blogger\/link\/wp-content\/uploads\/sites\/57\/2018\/04\/Utvalg_102.png 333w, https:\/\/www.ntnu.no\/blogger\/link\/wp-content\/uploads\/sites\/57\/2018\/04\/Utvalg_102-300x140.png 300w\" sizes=\"auto, (max-width: 333px) 100vw, 333px\" \/><figcaption id=\"caption-attachment-19\" class=\"wp-caption-text\">Langsg\u00e5ende integrert klinisk tjeneste skal gi kontinuitet mellom student og underviser, student og pasient, og student og fag.<\/figcaption><\/figure>\n<p>I NTNU Link er det lagt opp til at teori og praksis l\u00e6res om hverandre. I m\u00f8te med pasienter, under oppf\u00f8lging fra veiledere og med tilbakemeldinger fra b\u00e5de veiledere og pasienter \u00f8nsker vi at studentene oppn\u00e5r motivasjon for l\u00e6ring og utvikler sin forst\u00e5else av helse og sykdom.<\/p>\n<p>Les mer om bakgrunnen og dokumentasjonen som ligger til grunn for slike studiel\u00f8p som n\u00e5 etableres med NTNU Link:<\/p>\n<blockquote class=\"wp-embedded-content\" data-secret=\"SzFCN8lbyC\"><p><a href=\"https:\/\/www.ntnu.no\/blogger\/link\/15\/\">Fremtidens legeutdanning?<\/a><\/p><\/blockquote>\n<p><iframe loading=\"lazy\" class=\"wp-embedded-content\" sandbox=\"allow-scripts\" security=\"restricted\" style=\"position: absolute; clip: rect(1px, 1px, 1px, 1px);\" title=\"&laquo;Fremtidens legeutdanning?&raquo; &#8212; NTNU Link\" src=\"https:\/\/www.ntnu.no\/blogger\/link\/15\/embed\/#?secret=AZvyI9MZg0#?secret=SzFCN8lbyC\" data-secret=\"SzFCN8lbyC\" width=\"580\" height=\"327\" frameborder=\"0\" marginwidth=\"0\" marginheight=\"0\" scrolling=\"no\"><\/iframe><\/p>\n<p>&nbsp;<\/p>\n<h2>Flere blogginnlegg finner du her:<\/h2>\n<p><a href=\"https:\/\/www.ntnu.no\/blogger\/link\/siste-nytt-om-ntnu-link\/\">Siste innlegg<\/a><\/p>\n","protected":false},"excerpt":{"rendered":"<p>NTNU Link er et nytt studiel\u00f8p ved profesjonsstudiet i medisin. Undervisningen foreg\u00e5r p\u00e5 sykehuset og i kommunehelsetjenesten i Levanger og Namsos, samt p\u00e5 Campus R\u00f8stad (Nord universitet), Campus \u00d8ya (NTNU) og St. Olavs hospital. Med oppstart 20. august 2018 er NTNU Link en mulighet for studenter fra og med tredje studie\u00e5r og for inntil 16 [&hellip;]<\/p>\n","protected":false},"author":257,"featured_media":0,"parent":0,"menu_order":0,"comment_status":"closed","ping_status":"open","template":"","meta":{"footnotes":""},"class_list":["post-2","page","type-page","status-publish","hentry"],"_links":{"self":[{"href":"https:\/\/www.ntnu.no\/blogger\/link\/wp-json\/wp\/v2\/pages\/2","targetHints":{"allow":["GET"]}}],"collection":[{"href":"https:\/\/www.ntnu.no\/blogger\/link\/wp-json\/wp\/v2\/pages"}],"about":[{"href":"https:\/\/www.ntnu.no\/blogger\/link\/wp-json\/wp\/v2\/types\/page"}],"author":[{"embeddable":true,"href":"https:\/\/www.ntnu.no\/blogger\/link\/wp-json\/wp\/v2\/users\/257"}],"replies":[{"embeddable":true,"href":"https:\/\/www.ntnu.no\/blogger\/link\/wp-json\/wp\/v2\/comments?post=2"}],"version-history":[{"count":21,"href":"https:\/\/www.ntnu.no\/blogger\/link\/wp-json\/wp\/v2\/pages\/2\/revisions"}],"predecessor-version":[{"id":208,"href":"https:\/\/www.ntnu.no\/blogger\/link\/wp-json\/wp\/v2\/pages\/2\/revisions\/208"}],"wp:attachment":[{"href":"https:\/\/www.ntnu.no\/blogger\/link\/wp-json\/wp\/v2\/media?parent=2"}],"curies":[{"name":"wp","href":"https:\/\/api.w.org\/{rel}","templated":true}]}}